{"id":29,"date":"2021-03-26T06:19:07","date_gmt":"2021-03-26T05:19:07","guid":{"rendered":"http:\/\/532983.test-my-website.de\/?page_id=29"},"modified":"2022-08-10T05:55:58","modified_gmt":"2022-08-10T03:55:58","slug":"ablauf","status":"publish","type":"page","link":"https:\/\/tattoo-go.de\/?page_id=29","title":{"rendered":"Ablauf\/AGB"},"content":{"rendered":"\n<ol class=\"wp-block-list\"><li><strong><span class=\"has-inline-color has-light-gray-color\">Erstkontakt<\/span><\/strong><\/li><li><strong><span class=\"has-inline-color has-light-gray-color\">Gespr\u00e4ch<\/span><\/strong><\/li><li><strong><span class=\"has-inline-color has-light-gray-color\">Preisermittlung<\/span><\/strong><\/li><li><strong><span class=\"has-inline-color has-light-gray-color\">Terminvergabe<\/span><\/strong><\/li><li><strong><span class=\"has-inline-color has-light-gray-color\">Stechtermin<\/span><\/strong><\/li><\/ol>\n\n\n\n<figure class=\"wp-block-image size-full\"><a href=\"https:\/\/tattoo-go.de\/?page_id=291\"><img loading=\"lazy\" decoding=\"async\" width=\"300\" height=\"169\" src=\"https:\/\/tattoo-go.de\/wp-content\/uploads\/2022\/08\/Unbenannt-5.gif\" alt=\"\" class=\"wp-image-318\"\/><\/a><\/figure>\n\n\n\n<hr class=\"wp-block-separator has-css-opacity is-style-wide\"\/>\n\n\n\n<h1 class=\"has-text-align-center wp-block-heading\"><mark style=\"background-color:rgba(0, 0, 0, 0);color:#e56c1b\" class=\"has-inline-color\"><strong>Erster Kontakt<\/strong><\/mark><\/h1>\n\n\n\n<p>Kontaktiere uns \u00fcber WhatsApp oder telefonisch:<\/p>\n\n\n\n<p>Telefon: <strong>0151 53208205<\/strong><\/p>\n\n\n\n<hr class=\"wp-block-separator has-css-opacity is-style-wide\"\/>\n\n\n\n<h1 class=\"has-text-align-center wp-block-heading\"><strong><span style=\"color:#e56c1b\" class=\"has-inline-color\">Gespr\u00e4ch<\/span><\/strong><\/h1>\n\n\n\n<div class=\"wp-block-group\"><div class=\"wp-block-group__inner-container is-layout-flow wp-block-group-is-layout-flow\">\n<div class=\"wp-block-columns are-vertically-aligned-bottom is-layout-flex wp-container-core-columns-is-layout-9d6595d7 wp-block-columns-is-layout-flex\">\n<div class=\"wp-block-column is-vertically-aligned-bottom is-layout-flow wp-block-column-is-layout-flow\" style=\"flex-basis:100%\">\n<div class=\"wp-block-group\"><div class=\"wp-block-group__inner-container is-layout-flow wp-block-group-is-layout-flow\">\n<div class=\"wp-block-columns is-layout-flex wp-container-core-columns-is-layout-9d6595d7 wp-block-columns-is-layout-flex\">\n<div class=\"wp-block-column is-layout-flow wp-block-column-is-layout-flow\" style=\"flex-basis:100%\">\n<p><strong>Schreibe es ab oder kopiere und f\u00fclle es aus. Danach sende es bitte per WhatsApp:<\/strong><\/p>\n\n\n\n<hr class=\"wp-block-separator has-css-opacity is-style-wide\"\/>\n\n\n\n<div class=\"wp-block-group\"><div class=\"wp-block-group__inner-container is-layout-flow wp-block-group-is-layout-flow\">\n<ul class=\"wp-block-list\"><li>Vollst\u00e4ndiger Name:<\/li><li>Deine Adresse:<\/li><li>Dein Wunschtattoo:<\/li><li>Vielleicht ein Beispielbild:<\/li><li>Wie gro\u00df soll das Tattoo werden (<strong>IN CM BITTE!<\/strong>):<\/li><li>An welcher K\u00f6rperstelle soll es sein:<\/li><li>Farbig oder schwarz:<\/li><li>Wenn ein CoverUp, mache bitte ein vern\u00fcnftiges Bild von dem Tattoo. <strong>(Wichtig: bitte nicht verwackelt und die Gr\u00f6\u00dfenangabe in cm)<\/strong><\/li><\/ul>\n\n\n\n<p><strong>Ja<\/strong> <strong><em>ich habe die AGB gelesen und bin damit einverstanden.<\/em><\/strong><\/p>\n\n\n\n<hr class=\"wp-block-separator has-css-opacity is-style-wide\"\/>\n<\/div><\/div>\n\n\n\n<p><strong>Pers\u00f6nliche Daten<\/strong><\/p>\n\n\n\n<p>Da wir ein mobiles Tattoo-Studio sind, l\u00e4uft ohne deine Adresse und vollst\u00e4ndigen Namen nichts!<\/p>\n\n\n\n<p>Wozu brauchen wir deine Adresse und vollst\u00e4ndigen Namen?<\/p>\n\n\n\n<ul class=\"wp-block-list\"><li>F\u00fcr die Rechnung<\/li><li>F\u00fcr Berechnung der Anfahrtspauschale<\/li><li>Damit wir \u00fcberhaupt zu dir nach Hause kommen k\u00f6nnen und du dein Tattoo bekommst.<\/li><li>Achtung: Ohne die Daten wird dein Termin anderweitig vergeben<\/li><\/ul>\n\n\n\n<p>Deine personenbezogene Daten werden streng nach BDSG behandelt.<\/p>\n<\/div>\n<\/div>\n<\/div><\/div>\n<\/div>\n<\/div>\n<\/div><\/div>\n\n\n\n<hr class=\"wp-block-separator has-css-opacity is-style-wide\"\/>\n\n\n\n<h1 class=\"has-text-align-center wp-block-heading\"><em>AGB<\/em> 1<\/h1>\n\n\n\n<h1 class=\"has-text-align-center wp-block-heading\"><strong><span style=\"color:#e56c1b\" class=\"has-inline-color\">Preisvorschlag<\/span><\/strong><\/h1>\n\n\n\n<p>Wir berechnen unsere Preise nach der Gr\u00f6\u00dfe und wie kompliziert das Tattoo beim Umsetzen ist.<\/p>\n\n\n\n<p>Tut mir leid es dir zu sagen, aber wir sind kein Basar, es wird nicht gefeilscht!<\/p>\n\n\n\n<p>Preiszuschlag gibt es bei farbigen Tattoos, Intim, Axel und CoverUp<\/p>\n\n\n\n<p>Wir geben dir einen Preisvorschlag f\u00fcr ein Schwarz-Tattoo. Jede Grundfarbe die ich benutze kostet 20 \u20ac mehr.<\/p>\n\n\n\n<p><em>Ein Beispiel<\/em>: Wenn du rot und wei\u00df zus\u00e4tzlich bestellst und willst rosa Farbe dazu, ist rosa umsonst. Da Rosa nur eine Mischfarbe aus wei\u00df und rot ist, also <strong>keine Grundfarbe<\/strong>. Au\u00dfer du bestellst rosa direkt ohne rot und wei\u00df, dann z\u00e4hlt es als eigenst\u00e4ndige Farbe. (Keine Sorge ich erkl\u00e4re das im Gespr\u00e4ch gerne noch mal)<\/p>\n\n\n\n<p>Schriften werden extra berechnet<\/p>\n\n\n\n<p><strong>Skizze<\/strong><\/p>\n\n\n\n<p>Wenn du ein individuelles Wunsch hast kann man auch eine Skizze zeichnen oder designen die Skizze ist 50\u20ac wert und wird vor dem Begin der Arbeit bezahlt.<\/p>\n\n\n\n<p>Dies ist leider notwendig, da f\u00fcr unser Unternehmen die Gefahr besteht, dass du mit unserer Skizze zu anderen Tattoo-Studios oder privaten T\u00e4towierern gehst. Wir m\u00f6chten nicht umsonst arbeiten.<\/p>\n\n\n\n<p><strong>Anfahrtspauschale<\/strong><\/p>\n\n\n\n<p>Wie wird unsere Anfahrtspauschale berechnet?<\/p>\n\n\n\n<p>Da wir f\u00fcr Transparenz stehen, kann jeder Kunde unsere Anfahrtspauschale nachberechnen. Unsere Preise sind: Die erste angefangene halbe Stunde 10 \u20ac, jede zus\u00e4tzliche halbe stunde 5 \u20ac und je 1km 0,40 \u20ac, die Cent-Betr\u00e4ge werden aufgerundet.<\/p>\n\n\n\n<p><em>Ein Beispiel<\/em>: Google-Map sagt es sind 20 km bis zu uns und 15 Minuten dauert die Fahrt. Wir rechnen also: (20&#215;0,40+10)x2=34 \u20ac<\/p>\n\n\n\n<p>Also die Anfahrtspauschale w\u00e4re dann 34 \u20ac pro Sitzung.<\/p>\n\n\n\n<p><strong>Wichtig! Bei Kunden die keine Parkm\u00f6glichkeiten haben und der freie und sichere Parkplatz mehr als 2 min zu Fu\u00df entfernt liegt, werden die Parkgeb\u00fchren zus\u00e4tzlich in Rechnung gestellt.<\/strong><\/p>\n\n\n\n<p><strong>Nachstechen<\/strong><\/p>\n\n\n\n<p>Die Anfahrtspauschale kommt selbstverst\u00e4ndlich dazu. <\/p>\n\n\n\n<hr class=\"wp-block-separator has-css-opacity is-style-wide\"\/>\n\n\n\n<h1 class=\"has-text-align-center wp-block-heading\"><em>AGB 2<\/em><\/h1>\n\n\n\n<h1 class=\"has-text-align-center wp-block-heading\"><strong><span style=\"color:#e56c1b\" class=\"has-inline-color\">Terminvergabe<\/span><\/strong><\/h1>\n\n\n\n<p>Termine werden nur mit einer kleinen Anzahlung vergeben 30 \u20ac. Der Termin kann 1 mal verschoben werden (au\u00dfer gef\u00e4hrliche Erkrankung). Bei nicht Einhaltung des Termins sowie bei der zweite Verschiebung wird die Anzahlung behalten.<\/p>\n\n\n\n<p>Eine Hauterkrankung (Windpocken, G\u00fcrtelrose, Kr\u00e4tze und etc.) oder andere ansteckende oder gef\u00e4hrliche Krankheiten m\u00fcssen gemeldet werden. Und nicht vor Ort diagnostiziert werden. Wir gef\u00e4hrden unsere Gesundheit und die von anderen Kunden nicht! Die Anfahrtspauschale wird dir in Rechnung gestellt und die Anzahlung behalten!<\/p>\n\n\n\n<p><strong>Ganz wichtig: Dein Zimmer wo wir sitzen muss aus <strong>hygienischen Gr\u00fcnden<\/strong> aufger\u00e4umt sein!<\/strong> In einer Messi-Wohnung wird kein Tattoo gestochen. Aus hygienischen Gr\u00fcnden gehe ich kein Risiko ein und riskiere deine Gesundheit nicht, stattdessen fahre ich augenblicklich nach Hause. Die Anfahrtspauschale wird dir in Rechnung gestellt und die Anzahlung behalten!<\/p>\n\n\n\n<hr class=\"wp-block-separator has-css-opacity is-style-wide\"\/>\n\n\n\n<h1 class=\"has-text-align-center wp-block-heading\"><strong><span style=\"color:#e56c1b\" class=\"has-inline-color\">Stechtermin<\/span><\/strong><\/h1>\n\n\n\n<p>Es ist soweit. Was muss man bereit halten und beachten?<\/p>\n\n\n\n<ul class=\"wp-block-list\"><li>Du musst n\u00fcchtern sein!<\/li><li><strong>Ganz wichtig: Das Zimmer wo wir sitzen aufr\u00e4umen! <\/strong><\/li><li>Nach der Parkm\u00f6glichkeit erkundigen<\/li><li>Ausweis bereithalten<\/li><li>2 Handt\u00fccher bereitlegen, die schmutzig werden k\u00f6nnen<\/li><li>Zieh etwas bequemes an<\/li><li>es muss 2 Sitzgelegenheiten geben, f\u00fcr dich und mich<\/li><li>eine Abstellfl\u00e4che f\u00fcr das Equipment<\/li><li>Verl\u00e4ngerungskabel, wenn n\u00f6tig<\/li><li>Geld passend bereithalten<\/li><li>Bei hei\u00dfen Temperaturen w\u00e4re ein Ventilator nicht verkehrt<\/li><li>einen negativen Corona-Test f\u00fcr den Tag<\/li><li>Maske<\/li><li>Ausreichend Wasser zu dir nehmen<\/li><li>(Bei Minderj\u00e4hrigen) Vormund muss anwesend sein! <\/li><li>Keine gef\u00e4hrlichen Erkrankungen, sonst melden!<\/li><\/ul>\n\n\n\n<figure class=\"wp-block-image size-full\"><a href=\"https:\/\/tattoo-go.de\/?page_id=291\"><img loading=\"lazy\" decoding=\"async\" width=\"300\" height=\"169\" src=\"https:\/\/tattoo-go.de\/wp-content\/uploads\/2022\/08\/Unbenannt-5.gif\" alt=\"\" class=\"wp-image-318\"\/><\/a><\/figure>\n\n\n\n<hr class=\"wp-block-separator has-css-opacity is-style-wide\"\/>\n\n\n\n<h1 class=\"has-text-align-center wp-block-heading\" id=\"home-bilder-ablauf-uber-uns-impressum\"><strong><mark style=\"background-color:rgba(0, 0, 0, 0);color:#e56c1b\" class=\"has-inline-color\"><a href=\"http:\/\/Tattoo-go.de\">Home<\/a><\/mark><\/strong> | <mark style=\"background-color:rgba(0, 0, 0, 0);color:#e56c1b\" class=\"has-inline-color\"><strong><a href=\"https:\/\/tattoo-go.de\/?page_id=27\">Bilder<\/a><\/strong><\/mark> | <strong><mark style=\"background-color:rgba(0, 0, 0, 0);color:#e56c1b\" class=\"has-inline-color\"><a href=\"https:\/\/tattoo-go.de\/?page_id=29\">Ablauf<\/a><\/mark><\/strong> | <mark style=\"background-color:rgba(0, 0, 0, 0);color:#e56c1b\" class=\"has-inline-color\"><strong><a href=\"https:\/\/tattoo-go.de\/?page_id=92\">\u00dcber Uns<\/a><\/strong><\/mark> | <mark style=\"background-color:rgba(0, 0, 0, 0);color:#e56c1b\" class=\"has-inline-color\"><strong><a href=\"https:\/\/tattoo-go.de\/?page_id=83\">Impressum<\/a><\/strong><\/mark><\/h1>\n\n\n\n<h1 class=\"has-text-align-center wp-block-heading\" id=\"datenschutzerklarung\"><strong><a href=\"https:\/\/tattoo-go.de\/?page_id=3\">Datenschutzerkl\u00e4rung<\/a><\/strong><\/h1>\n\n\n\n<p><\/p>\n","protected":false},"excerpt":{"rendered":"<p>Erstkontakt Gespr\u00e4ch Preisermittlung Terminvergabe Stechtermin Erster Kontakt Kontaktiere uns \u00fcber WhatsApp oder telefonisch: Telefon: 0151 53208205 Gespr\u00e4ch Schreibe es ab oder kopiere und f\u00fclle es aus. Danach sende es bitte per WhatsApp: Vollst\u00e4ndiger Name: Deine Adresse: Dein Wunschtattoo: Vielleicht ein &hellip; <a href=\"https:\/\/tattoo-go.de\/?page_id=29\">Weiterlesen <span class=\"meta-nav\">&rarr;<\/span><\/a><\/p>\n","protected":false},"author":1,"featured_media":0,"parent":0,"menu_order":0,"comment_status":"closed","ping_status":"closed","template":"","meta":{"footnotes":""},"class_list":["post-29","page","type-page","status-publish","hentry"],"_links":{"self":[{"href":"https:\/\/tattoo-go.de\/index.php?rest_route=\/wp\/v2\/pages\/29","targetHints":{"allow":["GET"]}}],"collection":[{"href":"https:\/\/tattoo-go.de\/index.php?rest_route=\/wp\/v2\/pages"}],"about":[{"href":"https:\/\/tattoo-go.de\/index.php?rest_route=\/wp\/v2\/types\/page"}],"author":[{"embeddable":true,"href":"https:\/\/tattoo-go.de\/index.php?rest_route=\/wp\/v2\/users\/1"}],"replies":[{"embeddable":true,"href":"https:\/\/tattoo-go.de\/index.php?rest_route=%2Fwp%2Fv2%2Fcomments&post=29"}],"version-history":[{"count":51,"href":"https:\/\/tattoo-go.de\/index.php?rest_route=\/wp\/v2\/pages\/29\/revisions"}],"predecessor-version":[{"id":332,"href":"https:\/\/tattoo-go.de\/index.php?rest_route=\/wp\/v2\/pages\/29\/revisions\/332"}],"wp:attachment":[{"href":"https:\/\/tattoo-go.de\/index.php?rest_route=%2Fwp%2Fv2%2Fmedia&parent=29"}],"curies":[{"name":"wp","href":"https:\/\/api.w.org\/{rel}","templated":true}]}}